late the greatest common factor of 18 and 2187.
9
What is the greatest common factor of 92734 and 8621?
233
Calculate the highest common factor of 4671 and 864.
27
What is the greatest common divisor of 11 and 2337599?
11
Calculate the greatest common factor of 46865 and 11845.
515
Calculate the highest common factor of 150956 and 52.
52
What is the highest common divisor of 12977 and 589?
19
Calculate the highest common factor of 15 and 51090.
15
Calculate the highest common divisor of 203 and 9037.
7
What is the highest common factor of 1176 and 1117592?
392
Calculate the greatest common factor of 2040 and 16080.
120
Calculate the greatest common factor of 747 and 354078.
747
Calculate the greatest common factor of 541026 and 43.
43
Calculate the highest common factor of 10 and 228595.
5
What is the greatest common divisor of 5808 and 81675?
363
What is the greatest common factor of 906 and 144?
6
Calculate the greatest common factor of 1328 and 400.
16
Calculate the highest common factor of 928275 and 150.
75
Calculate the greatest common divisor of 1243 and 261030.
1243
What is the greatest common factor of 96698 and 28?
14
Calculate the highest common factor of 936 and 24492.
156
What is the highest common divisor of 21 and 246015?
21
What is the greatest common divisor of 24253 and 5056?
79
Calculate the greatest common divisor of 82 and 66133.
41
What is the greatest common divisor of 12675 and 2100?
75
Calculate the highest common divisor of 46754 and 18236.
194
Calculate the greatest common divisor of 24122 and 623.
7
What is the greatest common divisor of 482 and 7953?
241
What is the highest common divisor of 17899 and 686?
7
What is the highest common divisor of 444 and 44?
4
Calculate the greatest common divisor of 14944 and 6176.
32
What is the highest common divisor of 153951 and 105?
21
What is the highest common factor of 15998 and 4256?
38
Calculate the highest common factor of 4650 and 7410.
30
What is the greatest common divisor of 742 and 2331046?
106
What is the highest common factor of 9 and 2447?
1
Calculate the highest common factor of 30 and 13758.
6
Calculate the highest common divisor of 148 and 90983.
37
What is the highest common factor of 36 and 7551?
9
Calculate the highest common factor of 10505 and 709565.
955
What is the greatest common divisor of 6289 and 7613?
331
Calculate the highest common divisor of 5492 and 16.
4
Calculate the greatest common divisor of 1709 and 2848903.
1709
Calculate the highest common factor of 244266 and 1584.
66
Calculate the greatest common divisor of 45445 and 7320.
305
Calculate the highest common factor of 4477 and 2904.
121
Calculate the greatest common divisor of 96 and 183744.
96
Calculate the greatest common factor of 12876 and 13764.
444
Calculate the greatest common divisor of 2640 and 240420.
60
What is the highest common divisor of 172299 and 1422?
237
Calculate the highest common factor of 32 and 3236.
4
What is the greatest common divisor of 7081 and 2231?
97
What is the greatest common divisor of 4170 and 110?
10
Calculate the highest common divisor of 14 and 218708.
14
Calculate the highest common factor of 156 and 226356.
156
What is the greatest common factor of 176 and 93742?
22
Calculate the greatest common divisor of 17118 and 16.
2
What is the greatest common divisor of 24823 and 103?
103
Calculate the highest common factor of 4404 and 384.
12
Calculate the highest common factor of 155 and 278132.
31
What is the greatest common factor of 56 and 58772?
28
Calculate the greatest common factor of 6715 and 1190.
85
Calculate the highest common factor of 217 and 192479.
217
What is the highest common factor of 872 and 320?
8
Calculate the highest common divisor of 4725 and 4275.
225
Calculate the highest common divisor of 777 and 1260627.
111
Calculate the highest common divisor of 5538 and 2414.
142
Calculate the greatest common factor of 451 and 127469.
41
Calculate the highest common factor of 184 and 10396.
92
What is the highest common divisor of 1325 and 24963?
53
Calculate the highest common factor of 10 and 26740.
10
What is the greatest common factor of 808 and 4646?
202
What is the highest common factor of 2165 and 72744?
433
Calculate the greatest common factor of 144940 and 60.
20
Calculate the highest common factor of 6698 and 1003.
17
What is the greatest common factor of 3017994 and 2172?
1086
What is the greatest common divisor of 779 and 11381?
19
Calculate the highest common divisor of 2501 and 40931.
61
What is the highest common factor of 762 and 150?
6
Calculate the highest common factor of 352272 and 861.
123
Calculate the highest common divisor of 189728 and 1573.
121
What is the greatest common factor of 153 and 768213?
153
What is the highest common factor of 1366901 and 381?
127
Calculate the highest common divisor of 114218 and 736.
46
What is the greatest common factor of 30 and 888615?
15
What is the highest common divisor of 872 and 264?
8
What is the greatest common divisor of 287459 and 7651?
1093
What is the greatest common divisor of 81136 and 528?
176
What is the highest common divisor of 120 and 13065?
15
What is the greatest common factor of 8873 and 31289?
467
Calculate the greatest common divisor of 16115 and 3245.
55
Calculate the greatest common divisor of 385 and 1866403.
77
What is the greatest common divisor of 498 and 726?
6
What is the highest common divisor of 417 and 33895011?
417
Calculate the highest common divisor of 918 and 1275561.
459
What is the highest common factor of 178728 and 1936?
88
What is the greatest common divisor of 38042 and 1005632?
1654
Calculate the highest common divisor of 13380 and 4160.
20
What is the greatest common factor of 230 and 8418?
46
Calculate the greatest common divisor of 234 and 11674.
26
Calculate the highest common divisor of 1876 and 20569.
67
Calculate the greatest common factor of 3058 and 38086.
278
What is the highest common divisor of 3980 and 2506604?
796
What is the highest common factor of 3400074 and 141?
141
What is the greatest common factor of 15408 and 1584?
144
What is the highest common factor of 5847270 and 145?
145
Calculate the highest common divisor of 13625 and 125.
125
What is the highest common factor of 334584 and 12096?
216
Calculate the highest common factor of 306 and 17282574.
306
Calculate the greatest common divisor of 2552 and 13684.
44
What is the greatest common factor of 3883 and 58951?
353
What is the greatest common factor of 235 and 5516155?
235
What is the highest common factor of 72 and 2779722?
18
Calculate the greatest common factor of 95 and 42199.
19
Calculate the highest common factor of 11904 and 256.
128
What is the highest common factor of 1824 and 2812?
76
What is the greatest common factor of 6920 and 720?
40
What is the highest common divisor of 51200 and 100?
100
Calculate the greatest common factor of 81 and 2529.
9
Calculate the highest common divisor of 230782 and 100717.
667
Calculate the highest common divisor of 7102 and 2680.
134
What is the greatest common divisor of 45 and 24183?
9
Calculate the highest common divisor of 5247492 and 816.
204
Calculate the highest common divisor of 76560 and 220.
220
Calculate the greatest common factor of 196651 and 39.
13
What is the greatest common divisor of 385 and 1410101?
77
What is the highest common divisor of 30739 and 17193?
521
What is the greatest common divisor of 86 and 34142?
86
What is the greatest common divisor of 737 and 5837777?
737
Calculate the highest common factor of 5344 and 31897.
167
Calculate the greatest common divisor of 254888 and 88.
8
What is the highest common divisor of 5422 and 6?
2
What is the greatest common factor of 1869 and 185654?
623
Calculate the highest common factor of 80 and 76784.
16
Calculate the greatest common factor of 808 and 12625.
101
What is the greatest common divisor of 1582905 and 15?
15
What is the highest common factor of 20075 and 6325?
275
What is the greatest common divisor of 36 and 871254?
18
Calculate the greatest common factor of 145 and 373955.
145
What is the highest common divisor of 11570 and 182?
26
Calculate the highest common divisor of 707304 and 156.
156
What is the greatest common factor of 2112 and 11